{"id":3930,"date":"2025-06-27T19:00:04","date_gmt":"2025-06-27T17:00:04","guid":{"rendered":"https:\/\/gsps.pl\/sklep\/?post_type=product&#038;p=3930"},"modified":"2026-03-15T12:00:22","modified_gmt":"2026-03-15T11:00:22","slug":"plakat-gsps-na-szybkiej","status":"publish","type":"product","link":"https:\/\/gsps.pl\/sklep\/produkt\/plakat-gsps-na-szybkiej\/","title":{"rendered":"Plakat \u201cGSPS: Na Szybkiej\u201d"},"content":{"rendered":"<p>Jak to mawiaj\u0105: \u201cNie od razu Rzym zbudowano\u201d \u2013 dziedzictwo GSPS r\u00f3wnie\u017c nie powsta\u0142o z dnia na dzie\u0144, o czym doskonale wiedzia\u0142a <a href=\"https:\/\/linktr.ee\/piankart\">pianka<\/a> projektuj\u0105c ten plakat oraz wz\u00f3r z naszej bestsellerowej koszulki!<\/p>\n<p>Witamy Na Szybkiej! Dzielnicy, gdzie wszyscy s\u0105 zabiegani, ale ka\u017cdy zna ka\u017cdego \u2013 zupe\u0142nie jak na evencie! To miasto pe\u0142ne nawi\u0105za\u0144, skip\u00f3w i zakamark\u00f3w idealnych na stworzenie najlepszego route\u2019a na poci\u0105g do pracy. Niezale\u017cnie od tego czy jeste\u015b speedrunerem, czy nie, ka\u017cda osoba o du\u017cym sercu jest tu mile widziana!<\/p>\n<p>&nbsp;<\/p>\n<p>Plakat sprzedawany wraz z tub\u0105 umo\u017cliwiaj\u0105c\u0105 \u0142atwy transport.<\/p>\n<p>&nbsp;<\/p>\n<p>Format: A2 (420 x 594 mm)<\/p>\n<p>Papier: Apex Silk 200g<\/p>\n","protected":false},"excerpt":{"rendered":"<p>Jak to mawiaj\u0105: \u201cNie od razu Rzym zbudowano\u201d \u2013 dziedzictwo GSPS r\u00f3wnie\u017c nie powsta\u0142o z dnia na dzie\u0144, o czym&#8230;<\/p>\n","protected":false},"featured_media":3934,"template":"","meta":[],"product_cat":[67],"product_tag":[],"class_list":{"0":"post-3930","1":"product","2":"type-product","3":"status-publish","4":"has-post-thumbnail","6":"product_cat-inne-gadzety","8":"first","9":"instock","10":"shipping-taxable","11":"purchasable","12":"product-type-simple"},"_links":{"self":[{"href":"https:\/\/gsps.pl\/sklep\/wp-json\/wp\/v2\/product\/3930","targetHints":{"allow":["GET"]}}],"collection":[{"href":"https:\/\/gsps.pl\/sklep\/wp-json\/wp\/v2\/product"}],"about":[{"href":"https:\/\/gsps.pl\/sklep\/wp-json\/wp\/v2\/types\/product"}],"wp:featuredmedia":[{"embeddable":true,"href":"https:\/\/gsps.pl\/sklep\/wp-json\/wp\/v2\/media\/3934"}],"wp:attachment":[{"href":"https:\/\/gsps.pl\/sklep\/wp-json\/wp\/v2\/media?parent=3930"}],"wp:term":[{"taxonomy":"product_cat","embeddable":true,"href":"https:\/\/gsps.pl\/sklep\/wp-json\/wp\/v2\/product_cat?post=3930"},{"taxonomy":"product_tag","embeddable":true,"href":"https:\/\/gsps.pl\/sklep\/wp-json\/wp\/v2\/product_tag?post=3930"}],"curies":[{"name":"wp","href":"https:\/\/api.w.org\/{rel}","templated":true}]}}