{"id":3929,"date":"2025-06-27T19:00:07","date_gmt":"2025-06-27T17:00:07","guid":{"rendered":"https:\/\/gsps.pl\/sklep\/?post_type=product&#038;p=3929"},"modified":"2026-03-15T12:20:46","modified_gmt":"2026-03-15T11:20:46","slug":"banknot-pana-miecia","status":"publish","type":"product","link":"https:\/\/gsps.pl\/sklep\/produkt\/banknot-pana-miecia\/","title":{"rendered":"Banknot Pana Miecia"},"content":{"rendered":"<p>W dzisiejszej ekonomii warto si\u0119 zabezpieczy\u0107 finansowo. Oto waluta, kt\u00f3rej nie wymienisz w \u017cadnym kantorze, bo warto\u015b\u0107 sentymentalna i \u017cyciowe m\u0105dro\u015bci Pana Miecia zawarte w tym banknocie bij\u0105 ka\u017cdy pieni\u0105dz na g\u0142ow\u0119!<\/p>\n<p>Solidny papier o przyjemnej fakturze z detalami godnymi mennicy Jeb Radio sprawiaj\u0105, \u017ce ten banknot to nie tylko \u015bwietny dodatek do kolekcji, lecz tak\u017ce zwi\u0119kszenie warto\u015bci w\u0142a\u015bciciela o PI\u0118\u0106 GAZYLION\u00d3W DOLAR\u00d3W na scenie speedrunerskiej!<\/p>\n<p><strong>Uwaga<\/strong> \u2013 zesp\u00f3\u0142 akredytacji nie przyjmuje banknot\u00f3w Pana Miecia jako formy p\u0142atno\u015bci za zakupy na evencie&#8230; jeszcze.<\/p>\n","protected":false},"excerpt":{"rendered":"<p>W dzisiejszej ekonomii warto si\u0119 zabezpieczy\u0107 finansowo. Oto waluta, kt\u00f3rej nie wymienisz w \u017cadnym kantorze, bo warto\u015b\u0107 sentymentalna i \u017cyciowe&#8230;<\/p>\n","protected":false},"featured_media":1498,"template":"","meta":[],"product_cat":[67],"product_tag":[],"class_list":{"0":"post-3929","1":"product","2":"type-product","3":"status-publish","4":"has-post-thumbnail","6":"product_cat-inne-gadzety","8":"first","9":"instock","10":"shipping-taxable","11":"purchasable","12":"product-type-simple"},"_links":{"self":[{"href":"https:\/\/gsps.pl\/sklep\/wp-json\/wp\/v2\/product\/3929","targetHints":{"allow":["GET"]}}],"collection":[{"href":"https:\/\/gsps.pl\/sklep\/wp-json\/wp\/v2\/product"}],"about":[{"href":"https:\/\/gsps.pl\/sklep\/wp-json\/wp\/v2\/types\/product"}],"wp:featuredmedia":[{"embeddable":true,"href":"https:\/\/gsps.pl\/sklep\/wp-json\/wp\/v2\/media\/1498"}],"wp:attachment":[{"href":"https:\/\/gsps.pl\/sklep\/wp-json\/wp\/v2\/media?parent=3929"}],"wp:term":[{"taxonomy":"product_cat","embeddable":true,"href":"https:\/\/gsps.pl\/sklep\/wp-json\/wp\/v2\/product_cat?post=3929"},{"taxonomy":"product_tag","embeddable":true,"href":"https:\/\/gsps.pl\/sklep\/wp-json\/wp\/v2\/product_tag?post=3929"}],"curies":[{"name":"wp","href":"https:\/\/api.w.org\/{rel}","templated":true}]}}