{"id":3653,"date":"2025-02-25T19:54:31","date_gmt":"2025-02-25T18:54:31","guid":{"rendered":"https:\/\/gsps.pl\/sklep\/?post_type=product&#038;p=3653"},"modified":"2026-03-23T22:52:32","modified_gmt":"2026-03-23T21:52:32","slug":"kubek-gsps-2-0","status":"publish","type":"product","link":"https:\/\/gsps.pl\/sklep\/produkt\/kubek-gsps-2-0\/","title":{"rendered":"Kubek GSPS 2.0"},"content":{"rendered":"<p><span style=\"font-weight: 400;\">Speedruner nie wielb\u0142\u0105d, napi\u0107 si\u0119 musi! Klasyczny, a zarazem stylowy kubek GSPS to idealny wyb\u00f3r na codzienne chwile ze swoim ulubionym napojem. Bia\u0142y z granatowym wn\u0119trzem i uchem, ozdobiony logo GSPS po obu stronach.<\/span><\/p>\n<p><span style=\"font-weight: 400;\">Pojemno\u015b\u0107 330 ml i mo\u017cliwo\u015b\u0107 mycia w zmywarce sprawia, \u017ce jest on idealny do codziennego u\u017cytku. To nie tylko kubek \u2013 to spos\u00f3b na wspieranie i reprezentowanie Fundacji GSPS przez ca\u0142y rok!<\/span><\/p>\n<p>&nbsp;<\/p>\n<p><b>&#8211; pojemno\u015b\u0107<\/b><span style=\"font-weight: 400;\">: ok. 330 ml<\/span><\/p>\n<p><b>&#8211; \u015brednica<\/b><span style=\"font-weight: 400;\">: 80 mm<\/span><\/p>\n<p><b>&#8211; wysoko\u015b\u0107<\/b><span style=\"font-weight: 400;\">: 98 mm<\/span><\/p>\n<p>&nbsp;<\/p>\n<p><strong>Uwaga!<\/strong> Produkt nie zawiera <a href=\"https:\/\/gsps.pl\/sklep\/produkt\/podkladka-pod-kubek-gsps-2-0\/\">podk\u0142adki pod kubek<\/a>.<\/p>\n","protected":false},"excerpt":{"rendered":"<p>Speedruner nie wielb\u0142\u0105d, napi\u0107 si\u0119 musi! Klasyczny, a zarazem stylowy kubek GSPS to idealny wyb\u00f3r na codzienne chwile ze swoim&#8230;<\/p>\n","protected":false},"featured_media":3775,"template":"","meta":[],"product_cat":[53],"product_tag":[],"class_list":{"0":"post-3653","1":"product","2":"type-product","3":"status-publish","4":"has-post-thumbnail","6":"product_cat-kubki","8":"first","9":"instock","10":"shipping-taxable","11":"purchasable","12":"product-type-simple"},"_links":{"self":[{"href":"https:\/\/gsps.pl\/sklep\/wp-json\/wp\/v2\/product\/3653","targetHints":{"allow":["GET"]}}],"collection":[{"href":"https:\/\/gsps.pl\/sklep\/wp-json\/wp\/v2\/product"}],"about":[{"href":"https:\/\/gsps.pl\/sklep\/wp-json\/wp\/v2\/types\/product"}],"wp:featuredmedia":[{"embeddable":true,"href":"https:\/\/gsps.pl\/sklep\/wp-json\/wp\/v2\/media\/3775"}],"wp:attachment":[{"href":"https:\/\/gsps.pl\/sklep\/wp-json\/wp\/v2\/media?parent=3653"}],"wp:term":[{"taxonomy":"product_cat","embeddable":true,"href":"https:\/\/gsps.pl\/sklep\/wp-json\/wp\/v2\/product_cat?post=3653"},{"taxonomy":"product_tag","embeddable":true,"href":"https:\/\/gsps.pl\/sklep\/wp-json\/wp\/v2\/product_tag?post=3653"}],"curies":[{"name":"wp","href":"https:\/\/api.w.org\/{rel}","templated":true}]}}