{"id":2959,"date":"2024-09-05T18:30:01","date_gmt":"2024-09-05T16:30:01","guid":{"rendered":"https:\/\/gsps.pl\/sklep\/?post_type=product&#038;p=2959"},"modified":"2026-03-26T13:35:15","modified_gmt":"2026-03-26T12:35:15","slug":"super-ultra-szybkie-kredki","status":"publish","type":"product","link":"https:\/\/gsps.pl\/sklep\/produkt\/super-ultra-szybkie-kredki\/","title":{"rendered":"Super Ultra Szybkie Kredki"},"content":{"rendered":"<p>Wi\u0119c chod\u017a, pomaluj m\u00f3j event\u2026 zestawem Super Ultra Szybkich Kredek, kt\u00f3ry pozwoli Ci nada\u0107 barw wspomnieniom z eventu.<\/p>\n<p>Wraz z kredkami otrzymasz kolorowank\u0119 z grafik\u0105 z koszulki eventowej \u2013 idealny spos\u00f3b na kreatywne upami\u0119tnienie wydarzenia!<b><br \/>\n<\/b><\/p>\n","protected":false},"excerpt":{"rendered":"<p>Wi\u0119c chod\u017a, pomaluj m\u00f3j event\u2026 zestawem Super Ultra Szybkich Kredek, kt\u00f3ry pozwoli Ci nada\u0107 barw wspomnieniom z eventu. Wraz z&#8230;<\/p>\n","protected":false},"featured_media":2968,"template":"","meta":[],"product_cat":[68],"product_tag":[],"class_list":{"0":"post-2959","1":"product","2":"type-product","3":"status-publish","4":"has-post-thumbnail","6":"product_cat-outlet","8":"first","9":"instock","10":"shipping-taxable","11":"purchasable","12":"product-type-simple"},"_links":{"self":[{"href":"https:\/\/gsps.pl\/sklep\/wp-json\/wp\/v2\/product\/2959","targetHints":{"allow":["GET"]}}],"collection":[{"href":"https:\/\/gsps.pl\/sklep\/wp-json\/wp\/v2\/product"}],"about":[{"href":"https:\/\/gsps.pl\/sklep\/wp-json\/wp\/v2\/types\/product"}],"wp:featuredmedia":[{"embeddable":true,"href":"https:\/\/gsps.pl\/sklep\/wp-json\/wp\/v2\/media\/2968"}],"wp:attachment":[{"href":"https:\/\/gsps.pl\/sklep\/wp-json\/wp\/v2\/media?parent=2959"}],"wp:term":[{"taxonomy":"product_cat","embeddable":true,"href":"https:\/\/gsps.pl\/sklep\/wp-json\/wp\/v2\/product_cat?post=2959"},{"taxonomy":"product_tag","embeddable":true,"href":"https:\/\/gsps.pl\/sklep\/wp-json\/wp\/v2\/product_tag?post=2959"}],"curies":[{"name":"wp","href":"https:\/\/api.w.org\/{rel}","templated":true}]}}