{"id":1622,"date":"2023-01-01T22:00:06","date_gmt":"2023-01-01T21:00:06","guid":{"rendered":"https:\/\/gsps.pl\/sklep\/?post_type=product&#038;p=1622"},"modified":"2025-12-29T00:05:45","modified_gmt":"2025-12-28T23:05:45","slug":"plakat-z-dickiem-marcinko-przeciniajacym-kable-na-gsps-dzieciom-2022","status":"publish","type":"product","link":"https:\/\/gsps.pl\/sklep\/produkt\/plakat-z-dickiem-marcinko-przeciniajacym-kable-na-gsps-dzieciom-2022\/","title":{"rendered":"Plakat z Dickiem Marcinko przeciniaj\u0105cym kable na GSPS Dzieciom 2022"},"content":{"rendered":"<p>Kultowa scena, kt\u00f3ra przesz\u0142a do historii eventu! Podczas GSPS Dzieciom 2022, w trakcie runa z \u201eRogue Warrior\u201d, nagle wywali\u0142o pr\u0105d \u2013 i oto winowajca! Dick Marcinko, legenda jednostek specjalnych, tym razem postanowi\u0142 przecina\u0107 nie tylko wrog\u00f3w, lecz tak\u017ce i kable. Ten plakat autorstwa <a href=\"https:\/\/linktr.ee\/piankart\">pianki<\/a> to idealna pami\u0105tka z tego niezapomnianego runa.<\/p>\n<p>&nbsp;<\/p>\n<p><strong>Format:<\/strong> A3<\/p>\n","protected":false},"excerpt":{"rendered":"<p>Kultowa scena, kt\u00f3ra przesz\u0142a do historii eventu! Podczas GSPS Dzieciom 2022, w trakcie runa z \u201eRogue Warrior\u201d, nagle wywali\u0142o pr\u0105d&#8230;<\/p>\n","protected":false},"featured_media":1624,"template":"","meta":[],"product_cat":[68],"product_tag":[],"class_list":{"0":"post-1622","1":"product","2":"type-product","3":"status-publish","4":"has-post-thumbnail","6":"product_cat-outlet","8":"first","9":"instock","10":"shipping-taxable","11":"purchasable","12":"product-type-simple"},"_links":{"self":[{"href":"https:\/\/gsps.pl\/sklep\/wp-json\/wp\/v2\/product\/1622","targetHints":{"allow":["GET"]}}],"collection":[{"href":"https:\/\/gsps.pl\/sklep\/wp-json\/wp\/v2\/product"}],"about":[{"href":"https:\/\/gsps.pl\/sklep\/wp-json\/wp\/v2\/types\/product"}],"wp:featuredmedia":[{"embeddable":true,"href":"https:\/\/gsps.pl\/sklep\/wp-json\/wp\/v2\/media\/1624"}],"wp:attachment":[{"href":"https:\/\/gsps.pl\/sklep\/wp-json\/wp\/v2\/media?parent=1622"}],"wp:term":[{"taxonomy":"product_cat","embeddable":true,"href":"https:\/\/gsps.pl\/sklep\/wp-json\/wp\/v2\/product_cat?post=1622"},{"taxonomy":"product_tag","embeddable":true,"href":"https:\/\/gsps.pl\/sklep\/wp-json\/wp\/v2\/product_tag?post=1622"}],"curies":[{"name":"wp","href":"https:\/\/api.w.org\/{rel}","templated":true}]}}